). Let x = m - 3. Let s be n(x). What is the highest common divisor of s and 9?
1
Suppose 2*k = 2*q + 2, -2*k = q - 6 + 16. Let g = k + 7. Suppose 8*x - 480 = g*x. What is the highest common divisor of x and 12?
12
Suppose 0 = 7*q - 4*q - 546. What is the highest common factor of 26 and q?
26
Let a = 155 + 34. Calculate the greatest common factor of a and 27.
27
Let m = -15 - -27. Calculate the highest common factor of 8 and m.
4
Suppose 4*a - 144 = 2*a. Suppose a = -2*o + 6*o. Calculate the greatest common factor of o and 162.
18
Suppose -4*u + 28 = -4*k, -k - u - u + 8 = 0. Let x be (-58)/(-8) + (-2)/8. Let t = k + x. What is the greatest common factor of t and 10?
5
Suppose -10 = -5*j, -5*j = -4*z - 31 - 7. Let s = 13 + z. Let g(h) = 7*h + 7. Let d be g(s). What is the greatest common factor of d and 7?
7
Let h be (1 - 1)/(3 - 2). Suppose h = d - r - 8, 3*r + 18 = 2*d - 0*d. What is the greatest common factor of d and 3?
3
Suppose -4*q = s - 18, -2*s + 8 + 0 = q. Suppose 3*l = 2*v + 94, -2*v + 3*v + 61 = 2*l. What is the highest common divisor of l and q?
4
Let t = 34 + -22. Calculate the highest common divisor of t and 48.
12
Let u be -104*(34/(-8) + 3). What is the greatest common factor of 52 and u?
26
Let y(k) be the second derivative of 7*k**4/3 + k**3/2 + k**2 + 7*k. Let c be y(-2). Calculate the highest common divisor of 12 and c.
12
Let l = -19 + 59. Calculate the greatest common divisor of l and 80.
40
Let n = -5 + 3. Let y be (2/n)/((-5)/65). Let v(x) = x**3 + 12*x**2 + 12*x + 8. Let c be v(-9). What is the greatest common factor of y and c?
13
Suppose 2*i = -0 + 6. Suppose -i*x + 1 = 4. Let a be 142/6 - x/3. What is the greatest common divisor of a and 60?
12
Suppose -3*u - 2 = g, -5*g - 2*u + 37 = -18. What is the highest common factor of 143 and g?
13
Suppose -a = 3 - 8. Calculate the greatest common factor of a and 125.
5
Let y = 17 + -8. Let t = 4 - 1. What is the greatest common divisor of t and y?
3
Suppose -2*u + 8 = 6*g - 4*g, g - u = 14. What is the greatest common divisor of g and 72?
9
Let d be (-2 - -3)/(2/8). Suppose -d*u + 3*m + 16 = 0, 0 = u - 0*m - m - 3. Let a(c) = c - 1. Let w be a(u). Calculate the greatest common divisor of 9 and w.
3
Suppose -c - 23 + 33 = 0. Calculate the greatest common divisor of c and 2.
2
Let s be -1*(0 - (-2 - 8)). Let u be ((-144)/5)/(3/s). Calculate the highest common factor of u and 32.
32
Let q be 20 - ((-8)/4 - 0). What is the highest common divisor of q and 22?
22
Let j = 0 - -23. Suppose -4*y - j + 99 = 0. What is the highest common factor of y and 38?
19
Let g = 34 + -12. What is the greatest common divisor of 110 and g?
22
Let i(k) = -k**3 - 8*k**2 - 3*k + 4. Suppose -2*n - 5*q = 3*n + 60, 36 = -4*n - q. Let w be i(n). What is the highest common divisor of w and 14?
14
Suppose 2*w - 1 = d + 3, 0 = 5*w - d - 16. Let g = w + 3. Suppose -5*m = x - 3*m - 13, 2*x - 4*m - 2 = 0. What is the greatest common factor of x and g?
7
Let l(w) = 82*w**2 + w + 1. Let k(c) = -c - 4. Let r be k(-3). Let q be l(r). Let o = q + -27. Calculate the greatest common divisor of o and 11.
11
Suppose 0 = t - 0*o - o, 3*t + 3*o = 12. Suppose -p = -0*p. Let d = p - -22. What is the greatest common divisor of d and t?
2
Let l = 34 - 18. Let n(d) = 2*d - 8. Let u be n(8). What is the highest common divisor of l and u?
8
Let m(f) = 2*f - 6. Let x be m(4). Suppose 1 + 10 = g. Let h(n) = -n**2 + 11*n + 4. Let r be h(g). Calculate the highest common factor of r and x.
2
Suppose -2*y + 38 + 4 = -4*k, y = -5*k - 7. Calculate the greatest common divisor of y and 13.
13
Let f(o) = o**2 + 5*o + 2. Let i be f(-6). Suppose -d - 7 = -0*d + 4*x, -4*x - 12 = -4*d. Calculate the highest common factor of d and i.
1
Let u = -4 + -3. Let w(q) = 2*q**2 + 6*q - 8. Let z be w(u). What is the highest common divisor of 6 and z?
6
Let l be 0 + 6/4 - (-1755)/78. Calculate the highest common factor of 6 and l.
6
Let x = 57 - 17. Calculate the greatest common divisor of x and 30.
10
Let d = -380 - -533. Calculate the highest common divisor of 9 and d.
9
Let f be (-2)/(-2 + 8/6). Suppose 0 = -x - x + 6. Let j(h) = 7*h. Let m be j(x). What is the highest common divisor of f and m?
3
Suppose -3*n - 3 = -3*u, 0 = 4*n - u + 2*u - 21. Suppose n*i = 63 + 257. Suppose -m - 32 = -3*m. What is the highest common factor of i and m?
16
Let o be ((-5)/(-2))/((-2)/(-4)). Suppose 14 = -o*q - 2*x + 40, q - 4*x = -8. Suppose -q*j = -3*j - 2. What is the greatest common factor of j and 2?
2
Let y = 4 + -7. Let u be 4*-1 + 3 + y. Let t be 2/u + (-57)/(-6). Calculate the greatest common factor of 27 and t.
9
Let q = -104 + 202. Let a be (21*6/45)/(5/25). What is the greatest common divisor of a and q?
14
Let l(b) = b**2 - 15*b - 12. Let g be l(9). Let t be (4/8)/((-1)/g). Let c(y) = 12*y - 2. Let v be c(2). What is the highest common divisor of t and v?
11
Suppose 2*l = 2*d, 5*d = -0*l - 5*l + 40. Let g = 14 - 6. Calculate the greatest common factor of g and d.
4
Suppose -5*c = 3*f - c + 157, -161 = 3*f + 5*c. Let x = 3 - f. Let s(r) = 6*r - 4. Let b be s(4). What is the greatest common divisor of x and b?
10
Suppose -d + 4 = -0*d. Suppose d*c - 22 - 18 = 0. Suppose 4*f + f - 200 = 0. What is the greatest common divisor of c and f?
10
Let m(n) = 37*n**2 - n. Let y be m(1). Calculate the greatest common factor of 4 and y.
4
Let f(z) = 2*z**3 + z**2 - 2*z. Suppose 2*y - 3 = 1. Let x be f(y). Let i = x + -6. What is the greatest common divisor of i and 10?
10
Let z(v) = v**3 - 10*v**2 - 10*v + 13. Let g be z(11). Calculate the greatest common factor of 16 and g.
8
Suppose -4*m = -3*a - 63, 2*m + 0*m = a + 33. Let v = 45 - 30. Let w = v - -3. What is the greatest common divisor of w and m?
18
Let o(c) = 5*c + 2. Let r be o(2). Suppose -2*y + 24 = -5*y. Let w(k) = k**3 + 7*k**2 - 8*k + 8. Let v be w(y). What is the greatest common factor of r and v?
4
Suppose h = 4*k + 6*h - 55, -4*k - 4*h = -52. Suppose -j = -101 + 11. What is the highest common divisor of j and k?
10
Suppose -2*u + 35 = 3*r - 0*u, -3*u = 5*r - 57. What is the highest common factor of r and 99?
9
Suppose 37 + 8 = 5*p. Let r be (-6)/2*58/3. Let w be 3/p*(-1 - r). Calculate the highest common divisor of 95 and w.
19
Suppose 0*f + q + 20 = 2*f, -f + 16 = q. Suppose 4 = -b - 3*m - 0, -m = b - 4. Suppose -a = -2*a + b. What is the highest common factor of a and f?
4
Let w be -3*(-2)/(1 - -1). Let p(l) = -2 + 0*l**3 - 4*l - 3*l**2 - 2*l**3 + 2*l. Let x be p(-2). What is the highest common divisor of w and x?
3
Let u be -13 + 10 + 5*11 + 0. Calculate the highest common factor of 26 and u.
26
Suppose 4*a - 23 = 3*z, -a + 4*z = a - 24. Suppose -5*l + 7*q - a*q + 540 = 0, -q = -2*l + 213. What is the highest common factor of l and 15?
15
Suppose d - 30 = -2*j, -9*j - 33 = -2*d - 4*j. Let r(h) = -2*h + 2. Let k be r(-3). What is the highest common divisor of d and k?
8
Suppose -2*x + x + 28 = 0. What is the highest common factor of 224 and x?
28
Let f(l) = -8*l - 50. Let x be f(-14). What is the greatest common factor of x and 434?
62
Let b(o) be the first derivative of o**4/4 - 4*o**3/3 + o**2/2 + 4*o - 2. Let c be b(4). Let f = c + -4. What is the highest common divisor of f and 2?
2
Let q(j) = j + 7. Let h(i) = -7*i**2 - i + 1. Let f be h(1). Let l be q(f). Let d = l - -1. What is the highest common divisor of 5 and d?
1
Let z be 4 - (2 + -4 + 0). What is the greatest common factor of z and 48?
6
Suppose -2*s = -4*j + 230, 5*j + 82 = 3*s + 367. Suppose 6*w = w - j. Let p be 4/(-16) - 339/w. What is the greatest common factor of p and 14?
14
Let p = -242 - -339. Let y = -22 + p. Calculate the greatest common factor of 30 and y.
15
Suppose -19 = -3*c - 4*g, 0*c + 5*c - 23 = 2*g. Let i = -1 - -3. Suppose 4*a + 5 = 5*r, -r - 3*a = i*r - 30. Calculate the highest common factor of c and r.
5
Suppose -3*n + 8 = 2*u - 4, 0 = -5*n. Let c(k) = 5 + u*k**2 + 0*k - k**3 - 4*k + 2. Let d be c(5). What is the highest common divisor of 96 and d?
12
Let f(i) = -i**3 + 3*i**2 + 4*i + 3. Let u be f(4). Suppose 4 = n + o - 6, 0 = -u*n + o + 38. Calculate the highest common factor of 30 and n.
6
Suppose 16 = 3*y + y. Let m be 9/4 + (-3)/12. Suppose 4*b - 187 + 33 = -m*n, 3*n + 93 = 3*b. What is the greatest common